?
3, 67, 83, 107
List the prime factors of 545366.
2, 272683
What are the prime factors of 3202646?
2, 37, 113, 383
What are the prime factors of 6935030?
2, 5, 693503
List the prime factors of 6710111.
1187, 5653
List the prime factors of 2059251.
3, 686417
List the prime factors of 4803080.
2, 5, 120077
List the prime factors of 729414.
2, 3, 7, 827
List the prime factors of 2226541.
17, 130973
List the prime factors of 270238.
2, 135119
List the prime factors of 20271681.
3, 750803
List the prime factors of 1954474.
2, 401, 2437
List the prime factors of 2827290.
2, 3, 5, 73, 1291
List the prime factors of 987367.
23, 42929
What are the prime factors of 266744?
2, 33343
What are the prime factors of 931174?
2, 465587
What are the prime factors of 20518209?
3, 557, 4093
List the prime factors of 300365.
5, 13, 4621
List the prime factors of 386748.
2, 3, 3581
What are the prime factors of 454930?
2, 5, 7, 67, 97
List the prime factors of 1646327.
199, 8273
List the prime factors of 14943200.
2, 5, 18679
What are the prime factors of 228740?
2, 5, 11437
List the prime factors of 15485725.
5, 17, 83, 439
List the prime factors of 119685.
3, 5, 79, 101
List the prime factors of 3699764.
2, 127, 7283
What are the prime factors of 59206?
2, 7, 4229
List the prime factors of 1132065.
3, 5, 11, 2287
What are the prime factors of 2523971?
43, 79, 743
What are the prime factors of 9768237?
3, 137, 23767
What are the prime factors of 150437?
7, 21491
List the prime factors of 480433.
353, 1361
What are the prime factors of 370248?
2, 3, 15427
List the prime factors of 1565122.
2, 13, 17, 3541
What are the prime factors of 6429090?
2, 3, 5, 31, 223
What are the prime factors of 6907640?
2, 5, 19, 61, 149
What are the prime factors of 1427077?
73, 113, 173
What are the prime factors of 1018595?
5, 137, 1487
List the prime factors of 2172905.
5, 7, 181
List the prime factors of 367390.
2, 5, 36739
What are the prime factors of 6431130?
2, 3, 5, 23819
List the prime factors of 42522.
2, 3, 19, 373
What are the prime factors of 206600?
2, 5, 1033
List the prime factors of 17083713.
3, 389, 14639
List the prime factors of 269075.
5, 47, 229
What are the prime factors of 6182678?
2, 103, 30013
What are the prime factors of 11122302?
2, 3, 367, 5051
What are the prime factors of 386983?
37, 10459
List the prime factors of 1085007.
3, 7, 11, 61
What are the prime factors of 164081?
71, 2311
List the prime factors of 13943.
73, 191
What are the prime factors of 135168?
2, 3, 11
What are the prime factors of 959738?
2, 13, 36913
What are the prime factors of 3688971?
3, 11, 13, 8599
What are the prime factors of 19573?
23, 37
What are the prime factors of 7396234?
2, 3698117
List the prime factors of 96552.
2, 3, 149
What are the prime factors of 569975?
5, 7, 3257
What are the prime factors of 2946096?
2, 3, 41, 499
List the prime factors of 151424.
2, 7, 13
List the prime factors of 6120906.
2, 3, 11, 8431
List the prime factors of 547640.
2, 5, 13691
List the prime factors of 173381.
13, 13337
What are the prime factors of 23969?
11, 2179
List the prime factors of 613693.
307, 1999
List the prime factors of 19677362.
2, 9838681
List the prime factors of 293867.
7, 41981
List the prime factors of 3916.
2, 11, 89
What are the prime factors of 44834?
2, 29, 773
List the prime factors of 853060.
2, 5, 13, 17, 193
List the prime factors of 46810.
2, 5, 31, 151
What are the prime factors of 107920?
2, 5, 19, 71
What are the prime factors of 951419?
7, 199, 683
List the prime factors of 309864.
2, 3, 12911
What are the prime factors of 464666?
2, 232333
What are the prime factors of 117954?
2, 3, 6553
What are the prime factors of 388256?
2, 11, 1103
List the prime factors of 1498366.
2, 749183
What are the prime factors of 236843?
29, 8167
List the prime factors of 211733.
83, 2551
List the prime factors of 30407855.
5, 41, 148331
List the prime factors of 11447004.
2, 3, 953917
What are the prime factors of 1316487?
3, 438829
What are the prime factors of 203843?
203843
What are the prime factors of 15590?
2, 5, 1559
List the prime factors of 3800832.
2, 3, 7, 101
What are the prime factors of 124134?
2, 3, 17, 1217
What are the prime factors of 282794?
2, 141397
List the prime factors of 4877415.
3, 5, 12043
What are the prime factors of 695016?
2, 3, 7, 197
What are the prime factors of 182637?
3, 7, 13, 223
List the prime factors of 1368567.
3, 152063
What are the prime factors of 211711?
211711
List the prime factors of 11257833.
3, 23, 241, 677
List the prime factors of 40648.
2, 5081
What are the prime factors of 718570?
2, 5, 181, 397
List the prime factors of 543134.
2, 19, 14293
What are the prime factors of 433288?
2, 41, 1321
List the prime factors of 2158202.
2, 1079101
What are the prime factors of 2490947?
43, 53, 1093
List the prime factors of 6396267.
3, 17, 167, 751
What are the prime factors of 782485?
5, 11, 41, 347
List the prime factors of 166299.
3, 7, 7919
What are the prime factors of 5550904?
2, 673, 1031
List the prime factors of 3204148.
2, 801037
List the prime factors of 2457824.
2, 89, 863
What are the prime factors of 36833?
36833
List the prime factors of 3578055.
3, 5, 13, 59, 311
What are the prime factors of 19125328?
2, 23, 51971
List the prime factors of 5489294.
2, 29, 31, 43, 71
What are the prime factors of 259358?
2, 11, 11789
List the prime factors of 278691.
3, 7, 23, 577
List the prime factors of 1046356.
2, 383, 683
What are the prime factors of 1502564?
2, 7, 103, 521
List the prime factors of 31682.
2, 7, 31, 73
What are the prime factors of 1230886?
2, 31, 19853
List the prime factors of 1750065.
3, 5, 17, 6863
List the prime factors of 22980332.
2, 509, 11287
What are the prime factors of 24102?
2, 3, 13, 103
List the prime factors of 32581369.
32581369
What are the prime factors of 26013930?
2, 3, 5, 867131
List the prime factors of 7039105.
5, 17, 82813
List the prime factors of 2718446.
2, 1359223
What are the prime factors of 953968?
2, 109, 547
List the prime factors of 8265054.
2, 3, 7, 307, 641
List the prime factors of 1009325.
5, 47, 859
What are the prime factors of 13278596?
2, 67, 49547
What are the prime factors of 58367?
58367
List the prime factors of 1079245.
5, 17, 12697
List the prime factors of 969960.
2, 3, 5, 59, 137
List the prime factors of 149654.
2, 74827
What are the prime factors of 6682480?
2, 5, 7, 11933
What are the prime factors of 1041986?
2, 11, 47363
List the prime factors of 6601061.
6601061
List the prime factors of 166872.
2, 3, 17, 409
What are the prime factors of 691372?
2, 11, 19, 827
List the prime factors of 1638978.
2, 3, 11, 19, 1307
List the prime factors of 1666506.
2, 3, 277751
What are the prime factors of 106457?
13, 19, 431
What are the prime factors of 10401?
3, 3467
What are the prime factors of 976282?
2, 37, 79, 167
What are the prime factors of 172924?
2, 17, 2543
List the prime factors of 2564499.
3, 7, 29, 4211
What are the prime factors of 668252?
2, 13, 71, 181
List the prime factors of 203829.
3, 67943
What are the prime factors of 2681895?
3, 5, 178793
What are the prime factors of 810766?
2, 11, 137, 269
List the prime factors of 42125.
5, 337
List the prime factors of 639338.
2, 7, 45667
What are the prime factors of 247692?
2, 3, 20641
List the prime factors of 10464943.
173, 241, 251
List the prime factors of 5752662.
2, 3, 958777
What are the prime factors of 175147?
7, 131, 191
List the prime factors of 3153169.
3153169
List the prime factors of 21714250.
2, 5, 86857
List the prime factors of 490680.
2, 3, 5, 29, 47
What are the prime factors of 36328802?
2, 1933, 9397
What are the prime factors of 4580915?
5, 916183
List the prime factors of 8387760.
2, 3, 5, 34949
What are the prime factors of 850519?
37, 127, 181
List the prime factors of 2946207.
3, 11, 73, 1223
What are the prime factors of 403965?
3, 5, 47, 191
What are the prime factors of 93625?
5, 7, 107
List the prime factors of 7467923.
211, 35393
List the prime factors of 1271907.
3, 7, 13, 1553
What are the prime factors of 28493595?
3, 5, 13, 53, 919
What are the prime factors of 507532?
2, 31, 4093
List the prime factors of 2760631.
2760631
List the prime factors of 6264711.
3, 6